uate (-3 - 0) + 0 + 8.
5
-8 + 4 + 1 - -4
1
Calculate (2 - 11) + 20 - 11.
0
What is (1 - (1 + 1)) + -2?
-3
What is (5 + -2 - 2) + -2?
-1
Evaluate (11 - 13) + (1 - -2).
1
Evaluate 1 + (12 + -4 - 13).
-4
What is -3 - ((-10 - -1) + 3 + 0)?
3
0 - (0 + -2 - (-1 - -2))
3
What is 10 + -3 + (2 - 4)?
5
Evaluate 4 + (-11 - (-2 + 4)) + 5.
-4
Calculate 1 - 8 - (4 - (0 + 8)).
-3
What is the value of (1 - -7) + -6 + (-12 - -17)?
7
What is the value of -11 - 1 - -10 - -5?
3
Calculate -8 + (12 - 4) + 2 + 0.
2
What is -3 + 3 - 4 - (-5 - 1)?
2
Evaluate -1 - 0 - (-34 - -34).
-1
Evaluate 19 + -23 + 1 + (2 - -1).
0
What is 4 + 0 + (-14 + 7 - 0)?
-3
(-8 - 0) + 10 + (1 - -4)
7
What is the value of (-3 + -2 + 4 - 1) + -3?
-5
What is the value of 0 + 5 + (-3 - 6) + 4?
0
Calculate -1 - (3 + (4 - 8)).
0
What is the value of 3 + -6 - (0 + 1)?
-4
(-1 - (0 - -1)) + -1 - 0
-3
1 - 1 - (-17 + 19)
-2
Calculate (0 - 1 - -2) + (0 - -2).
3
Evaluate 9 + -11 - (-6 + -1).
5
-1 + -12 + -12 + (18 - 0)
-7
Evaluate -3 + -1 + (-19 - (-10 - 18)).
5
Calculate 5 + -9 + 4 + 9 + -6.
3
Calculate -2 - -1 - -2 - (5 + 0).
-4
Calculate 4 + (4 - 8) - -7 - 8.
-1
Calculate 1 + 1 + -15 + 17 - 4.
0
Calculate 36 + -29 + (-5 + -1 - 2).
-1
Evaluate 2 - -2 - (0 + 1 - 0).
3
Evaluate -1 + -3 - -5 - 0.
1
What is the value of -2 - (-3 + (0 - 0))?
1
-11 + (22 + -10 - 7)
-6
-5 + 2 + 0 + 3
0
What is the value of 3 + -7 + (2 - 1)?
-3
What is -2 - 5 - (-3 - (1 - 2))?
-5
Evaluate -10 - -13 - (1 + 1 + 1).
0
What is the value of -11 - (0 - 2) - -8?
-1
Evaluate 11 - (-2 - (-4 - -1)).
10
Calculate -87 + 100 + (1 - 8).
6
What is 0 + -1 + -1 + -2?
-4
Evaluate 1 + 4 + (-8 - 0).
-3
What is -6 - (6 - 4) - -3?
-5
What is the value of -3 - (-7 - (2 + 5) - -6)?
5
Evaluate (8 - 6) + -4 + 1.
-1
What is the value of -2 - (-7 + 23 + -11)?
-7
Evaluate 4 - (-1 + 3 + -3 + 0).
5
What is the value of 0 + 7 - 11 - -2?
-2
(1 - (-9 - (-5 - 0))) + -8
-3
16 - (-5 - -16) - (1 + 8)
-4
What is -2 + 6 + -6 + 3 + 3?
4
What is the value of -5 - -4 - 2 - (-1 + 0)?
-2
Calculate -104 + 96 + 7 + 0.
-1
Calculate (4 - (11 - 6)) + 6.
5
Evaluate -7 + 7 + -1 + 6.
5
Calculate (4 - -3) + -4 - 4.
-1
What is -3 + -1 + -1 + -9 + 9?
-5
What is 0 - 1 - -3 - (-74 + 72)?
4
What is the value of -2 + 3 + -1 - -5?
5
Evaluate 7 - (-4 - (3 - (-3 + 10))).
7
Evaluate 1 - -3 - (9 - 2).
-3
2 - (1 + -4 - (1 - 5))
1
Calculate 0 - 5 - ((2 - -3) + -13).
3
What is the value of 1 + (-1 + -3 - (5 - 5))?
-3
Calculate -2 - (-2 + -3 + 3).
0
Evaluate -12 + (1 - (10 + -10)).
-11
-2 - 1 - (-8 - 2)
7
Calculate 2 + -2 + -2 + 1 - -1.
0
Evaluate 11 + -7 + 8 - 6.
6
Evaluate (-4 - (1 + 1)) + 12 + -2.
4
Calculate -3 - (4 - 7) - (5 - 7).
2
Calculate (5 - 5) + -2 - -1.
-1
What is 2 + -9 + -5 + -7 + 21?
2
Evaluate -2 + (2 - -2) - (-3 - -4).
1
(-3 - -5) + (2 - (7 + -2))
-1
Calculate 1 - ((1 - 0) + 9 + -11).
2
Evaluate -1 + 15 + (-4 - 1).
9
Calculate 8 + (-1 + -3 - -1) - 10.
-5
Calculate -4 - (-5 + 3 - 6).
4
What is (2 - (0 - 0)) + (-3 - -3)?
2
What is the value of 4 + 0 - (14 + -11)?
1
What is (-3 - (0 - -4) - 0) + 1?
-6
What is the value of 0 + -3 + 5 + -7?
-5
-14 + (9 - 0) + 11
6
What is (4 - 7 - 2) + 6?
1
What is (6 - (1 + 1)) + (6 - 6)?
4
Calculate 6 + -7 + 1 + (1 - 0).
1
What is the value of -18 + 19 - (1 + -3)?
3
What is (2 - (1 - -2)) + 3 + 0?
2
What is the value of 0 + 3 - 2 - (3 + 2)?
-4
What is the value of (-3 + -1 - 2) + 5?
-1
What is (3 + -3 - 2) + -3?
-5
What is the value of (-7 + 7 - (-3 + 1)) + 0?
2
What is (-2 - (-6 + 4 - -3)) + 6?
3
Calculate -5 - (-2 + 2) - -6.
1
What is the value of -1 + (1 - 9) - (-32 - -26)?
-3
Evaluate -10 + 10 + -1 + -7 + 2.
-6
What is -3 - (1 + -6 + -1)?
3
-5 - (-2 - (-7 + 14) - -4)
0
What is (-4 - 3) + 3 + 6?
2
What is 1 + (0 + -8 - 1)?
-8
11 - 3 - (2 + 2 + -1)
5
What is the value of -1 + 4 - (20 + -19)?
2
What is the value of (19 - 3) + (-11 - 0)?
5
What is (-3 - -9) + -4 + -7?
-5
Evaluate -2 - 1 - (-3 + 1 + 4).
-5
What is the value of -3 - (2 - 8 - -1)?
2
Evaluate (-3 - -6) + (0 - 1).
2
What is the value of -1 + 3 + 11 + -8?
5
Evaluate (2 - 2) + 3 - (-3 - -1).
5
What is 2 + (6 - 4) + 1?
5
What is the value of -2 + -1 + -2 + 2?
-3
What is the value of 1 + (11 - 14 - 4)?
-6
Evaluate 12 + (7 - 20) + 4.
3
Calculate 0 - ((-9 - -10) + 9).
-10
Evaluate 3 + -4 + (-2 - (2 - 4)).
-1
What is (-4 - -6 - -3 - 4) + -3?
-2
-4 - (-5 + 0) - 3
-2
What is the value of -1 - -7 - (89 - 85)?
2
What is (3 - (0 + -2)) + -4?
1
(-2 - 12) + 3 - (17 - 23)
-5
What is -1 - -3 - 0 - (-8 + 5)?
5
Calculate -10 + (0 - (-2 - 2)).
-6
Evaluate 4 - 3 - (1 - -3) - -2.
-1
Evaluate -3 - ((-1 - -6) + -11 + 8).
-5
Evaluate 4 - (0 + (8 - 8)).
4
5 + 1 - (13 + -9)
2
(-5 - (-2 + (1 - 4))) + -3
-3
What is 1 + (-4 - -2) + 4?
3
Evaluate 1 + (-4 - (2 + -9 + 3)).
1
Evaluate 5 + ((3 - -3) + -4 - 1).
6
Evaluate -4 + (10 + -7 - 2).
-3
-6 + -1 + -2 + -3 + 7
-5
7 + 0 + -9 - 8
-10
What is (-2 - (3 - 5 - 5)) + -2?
3
2 - 2 - (-4 + 7 - 1)
-2
Evaluate 2 + 5 + 6 + -9 + 1.
5
Evaluate -4 + 7 + -3 + -1 + -1.
-2
-3 + 2 + (-1 + -6 - 0)
-8
-2 + 3 + -5 + 5
1
-2 + (5 - (2 - 4))
5
What is (-4 - 4 - -6) + -2?
-4
What is -1 + -4 + 10 + -8?
-3
(-2 + 5 - 0) + (-10 - -6)
-1
Evaluate 2 + (-7 - (2 + -6)).
-1
What is -3 - (-8 - -1 - (0 + -2))?
2
What is the value of -11 - (-5 + -6 + 4)?
-4
Evaluate 4 - (2 + (-4 - (-10 + 0))).
-4
What is the value of 6 + (7 - (0 + 6 - -11))?
-4
What is (-10 - -1) + (-5 - -20)?
6
What is the value of 2 - (-9 + 7 - (0 - 1))?
3
Calculate -2 - (28 + -30 - (0 + 3)).
3
Calculate -3 + (5 - (1 + 0)).
1
What is 3 + -12 - (-6 - -2)?
-5
What is the value of -7 + 1 + (-3 + 0 - -1)?
-8
What is the value of 33 - 28 - (6 + -2 + 4)?
-3
What is 7 + 0 + -1 + (-1 - 2)?
3
What is the value of (0 - 0) + 0 + (-7 - -5)?
-2
What is 0 + 2 + (0 - (3 + 1))?
-2
What is (5 - (6 + 5)) + 0 + 10?
4
What is the value of 0 + (0 - -3) + -1?
2
Calculate (-9 - (-12 - -2)) + 1.
2
What is the value of 3 + -5 + (0 + -3 - -2)?
-3
Calculate 6 - (2 + (9 - 3)).
-2
Evaluate 0 - (-10 - -6 - -5).
-1
What is 5 + (-1 + (-3 - 6) - 0)?
-5
What is the value of (2 - -3) + -4 + 1 + -7?
-5
What is -1 + (-1 - 10) + (-6 - -10)?
-8
What is the value of 1 - 5 - (-7 + 6)?
-3
What is 16 + -18 + 12 - 1?
9
What is 14 - 13 - (-3 + -1)?
5
What is 3 + -2 - (4 - (0 - -6))?
3
What is (2 - -1) + -2 + -1 + -1?
-1
Calculate -28 - -24 - (1 + 1 + -1).
-5
What is 2 + -7 + 0 + 2 - -7?
4
Evaluate 10 - (-16 - -28) - (0 - 6).
4
Calculate 4 - ((1 - 1) + 4).
0
What is -6 - (0 + -11 + 6) - -10?
9
Calculate 4 + (3 - 5) - 5 - -8.
5
Calculate 4 - -1 - (21 + -19).
3
What is the value of 3 + 0 - (-57 + 59)?
1
Calculate 14 + -6 + -10 + 3.
1
Evaluate 2 + (-1 - -2) + 12 + -10.
5
Calculate 0 + (1 - (10 + -3)) + 3.
-3
What is the value of -5 + 12 + 7 + 1 + -8?
7
What is -3 - (12 - 6) - (-9 + 7)?
-7
What is the value of -7 - -11 - 11 - -10?
3
Calculate -6 - (3 + (-2 - 1) - 3).
-3
What is the value of (10 - 3) + 2 + -2?
7
Calculate 1 + (10 - 5 - 6).
0
Evaluate 2 + (3 - (0 + 3)).
2
Evaluate (1 + -7 - -1) + (11 - 11).
-5
What is the value of 5 + 1 + -8 - 1 - -8?
5
Calculate -5 - 7 - (-13 - -3).
-2
Calculate -1 + 2 + (0 - -1 - 0).
2
Evaluate 7 + (3 + -1 - 10) + 4.
3
What is -1 - 2 - 4 - -4?
-3
Evaluate 0 - (-2 - 0) - (7 + -4).
-1
-1 + 5 + -2 + 2
4
Calculate 4 - ((-4 - 6) + 8).
6
Evaluate (-18 - -18) + (3 - 2).
1
What is the value of -4 + -3 - (-5 + (5 - 3))?
-4
What is 7 - (-5 + 5 + (8 - 5))?
4
What is the value of (4 - 4 - 1) + (5 - 3)?
1
Calculate 14 - (10 + -7 + 3).
8
What is the value of -1 - (-9 + (12 - 0))?
-4
Calculate -10 + (6 - (-7 + 5)) + 3.
1
What is the value of -28 + 28 - (-2 + 2)?
0
-2 + 2 + -11 + 11 + 3
3
What is the value of -3 + 0 - (29 + -33)?
1
Calculate 4 + -1 - (13 + -9).
-1
What is the value of (-6 - 1) + (4 - 0)?
-3
Calculate -5 - (-1 - ((3 - -6) + 4)).
9
Evaluate -19 + 17 + (1 - 0) - 0.
-1
What is (-13 - -4) + 2 + 6?
-1
-2 + (-7 - -2) - (-3 - -1)
-5
What is the value of -21 + (-10 - -22) + -2 + 1?
-10
What is (-6 - -8) + 6 - 4?
4
Calculate (-27 - -27) + (-1 - -2).
1
(-1 - -5) + (-15 - (-5 - 3))
-3
What is the value of (11 - 8 - 1) + 4?
6
Calculate (-1 - 0 - -5) + 1 - 3.
2
(0 - -15) + (58 - 66)
7
What is -6 + -3 + 21 + -6?
6
What is 4 + (-11 - -4 - 0)?
-3
Evaluate -1 + 5 - (-3 - 0 - -6).
1
-10 + (27 - (5 + 6))
6
Evaluate 3 + (-3 - 2) + (-8 - -5).
-5
What is (1 - 10) 